 1843. What is the hundreds digit of v?
3
What is the hundreds digit of 6/(-8) + (-26160)/(-64)?
4
Let s = 243 + 3171. What is the tens digit of s?
1
Let t(h) = -9*h**3 + 3*h**2 - 4*h - 2. Let g = -2 + -1. Let y be t(g). What is the units digit of 2/(-4)*y/(-10)?
4
Let u be (1/((-2)/(-28)))/(-2). Let b(h) = -10*h + 24 - 10 - 4*h**2 + 3*h**2. What is the tens digit of b(u)?
3
Suppose 0 = 7*y - 28 + 7. Let j be y + 0 + (-3 - -109). Let h = -59 + j. What is the tens digit of h?
5
Let t = 184 + -412. Let m = t + 413. What is the hundreds digit of m?
1
Suppose 23*j - 53108 = -4716. What is the thousands digit of j?
2
Let k be -1*(217/7)/(-1). Let v(l) = -3*l - 1. Let p be v(1). Let w = k + p. What is the units digit of w?
7
Let i(u) = -u - 6. Let z be i(-7). Suppose -6*v = -z - 11. Let g(k) = 2*k**2 - k + 2. What is the units digit of g(v)?
8
Let s = 1 - -7. Let d(z) = -8*z + 3*z + s*z + z**2 - 3. What is the units digit of d(-4)?
1
Let q = 3802 - 2287. What is the thousands digit of q?
1
Suppose 0 = -4*r - 0*r + 180. Let z = r + -39. What is the units digit of z?
6
Suppose 11*f - 2 + 13 = 0. What is the units digit of (f - (-38)/12) + (-3)/18?
2
Let k = 16 + -19. Let b be 36*((-11)/(-3) + k). What is the units digit of (b/(-15))/((-1)/15)?
4
Let w = 26 - 14. What is the tens digit of (90/w)/((-9)/(-84))?
7
Let l be (-2 + 56/10)*-40. Let d be (l/30)/(2/10). Let c = -19 - d. What is the units digit of c?
5
Let o(a) = 3*a - 6. Let w be o(3). What is the hundreds digit of (-1 - 0)*(3 + w*-52)?
1
Suppose 2*c = -2*y + 44, -y - c + 90 = 4*y. Suppose 0 = -y*q + 15*q + 158. What is the tens digit of q?
7
Let i = -1967 + 2421. What is the units digit of i?
4
Suppose -4*z + 2*g = 48, 2*z + 16 = 3*g - 0*g. Let s be z/(-5) - 1/(-5). Suppose s*b = 5*b - 26. What is the tens digit of b?
1
Let w be 3/9 + 1 + (-55)/(-15). Let a(h) be the second derivative of -h**5/20 + 7*h**4/12 - 7*h**3/6 + h**2 - h. What is the tens digit of a(w)?
1
Let j = -19 + 252. What is the hundreds digit of j?
2
Let y be (-1)/(3/(-204)) - -1. Let t = y - -34. What is the hundreds digit of t?
1
Suppose 4*a + 6*a = 1410. Let d = a + -51. What is the tens digit of d?
9
Let o(x) = -x**2 + 6*x - 4. Let q be o(5). Let h be (5 - 6) + (q - 0). Suppose h = -5*k - m + 138, 0*m + m - 111 = -4*k. What is the tens digit of k?
2
Suppose 131*w - 108*w - 22471 = 0. What is the tens digit of w?
7
Suppose 0 = 2*m - 3*m - 4*i - 13, 0 = m - 3*i - 22. Let s = m + 51. What is the units digit of s?
8
Let n(g) = -g + 120. Suppose 4*w + l + 0 = 2, -3*l = -3*w - 6. Let t be n(w). Suppose 0 = 3*k + 2*k - t. What is the units digit of k?
4
Let l(c) = -4*c - 3. Let u be l(-2). Let f be 0 - u*(0 - 5). Let b = f - 14. What is the units digit of b?
1
Let q = -1090 - -1806. What is the units digit of q?
6
Let s = -166 - -220. What is the units digit of s?
4
Let g(l) = -l**2 + 13*l. Let i be g(11). Suppose -p = -2*p + i. Suppose v - p = -v. What is the units digit of v?
1
Suppose -27 = -5*d - a, d - 4*d = 2*a - 19. Suppose 2*i - d*i + 546 = 0. What is the tens digit of i?
8
Suppose -23*k - 24896 = -39*k. What is the hundreds digit of k?
5
Let h = 0 - -1. Suppose -2*s + h = -9. Suppose 3*v - 2*v + x = 2, s*v = -2*x + 19. What is the units digit of v?
5
Let k(j) be the third derivative of j**4/24 + 7*j**3/6 - 7*j**2. Let x be k(-5). Let q(h) = 14*h**2 + h + 2. What is the tens digit of q(x)?
6
Let j(p) = 14*p**2 + 2*p - 6. Let l be j(8). Suppose 17*c + l = 23*c. What is the hundreds digit of c?
1
Suppose -29*t - 403 = -30*t. Let q = 619 - t. What is the units digit of q?
6
Let s = 82 - -683. What is the tens digit of s?
6
Suppose -4*p + 12 - 56 = 0. Let u = p + 11. Suppose 3*j - 4*r + 5*r - 39 = u, -5*j + 57 = -r. What is the units digit of j?
2
Suppose 2*d + 379 = 253. What is the hundreds digit of (d/(-6))/(-3)*408/(-12)?
1
Let f(o) be the third derivative of o**5/60 - o**4/24 - o**3/3 - o**2. What is the units digit of f(3)?
4
Let z(t) = 3*t**3 + 37*t**2 + 2*t + 8. What is the tens digit of z(-7)?
7
Suppose 5*y + 2*l - 92 = 0, 2*l + 2*l - 22 = -y. Let r = 16 - y. What is the units digit of (-1)/(-2*r/(-24))?
6
Let l = -80 - -566. Suppose f - l = 4*f. Let b = -113 - f. What is the units digit of b?
9
Suppose 2*n - 176 = -2*m, 8*m + 84 = 9*m + 2*n. Let b(i) = -2*i**2 + 3*i - 3. Let z be b(-3). Let w = z + m. What is the units digit of w?
2
Let u(d) = d**3 - 7*d**2 + 10*d + 11. Let h be u(5). Suppose -h*o + 762 = -5*o. What is the hundreds digit of o?
1
Let o = 18 - 9. Suppose o*d = 74 + 151. What is the units digit of d?
5
Let w(n) = -n**3 + 9*n**2 - 9*n + 17. Let v be w(7). Let i = v + -37. What is the units digit of i?
5
Suppose -3*u = 3*f - 750, 4*f - 9*f - u + 1262 = 0. Suppose -m = 2*l - 421, -4*l - 4*m + 587 = -f. What is the tens digit of l?
1
Suppose -30*u - 10 = -29*u. What is the units digit of 2/(-5) + 964/u*-1?
6
Suppose -9*j - 14*j = -14421. What is the units digit of j?
7
What is the thousands digit of 39/9*(363 + 63)?
1
Suppose d - 2*c + 2 = 0, -2*d + 3*c = -0*c. What is the tens digit of -3*(15 + -17 - 68/d)?
4
Let r be (1 + 0)*(-10 + 7). Let c be (r + -1)/((-36)/18). Suppose -c = -2*z + f, 4 - 24 = -5*f. What is the units digit of z?
3
What is the hundreds digit of (-2792)/(-9) - 32/144?
3
Let t be 180/(-25)*(-2)/((-2)/(-25)). Let o = -59 + t. What is the units digit of o?
1
Let u(d) = -d**3 + 12*d**2 - 3*d + 18. Let z be u(12). Let o(t) = -t + 20. What is the tens digit of o(z)?
3
Suppose -4*p + 3*p - 2750 = -4*i, 2 = p. What is the tens digit of i?
8
Let y(k) be the second derivative of 2*k**3/3 + 2*k**2 - 19*k. What is the tens digit of y(9)?
4
Suppose 0*l + 1 = -l. Let y be 9 - (-4)/l - -1. Suppose y*o - 10*o + 152 = 0. What is the units digit of o?
8
Let q = 1 - 2. Let m(f) = -47*f + 42. Let o be m(3). What is the units digit of o/(-5) + q/(-5)?
0
Let l(b) = -5 - 3*b + 6*b - 2*b. Let n be l(3). What is the units digit of -4 + n + 3 + 4?
1
Let l be (-4)/((-8)/(-1)) - 430/4. Let g = l + 185. What is the units digit of g?
7
Suppose 3*i - 54 = -30. Suppose 115 = 9*j - i*j. What is the units digit of j?
5
Let i(o) = o - 5. Let s be i(7). Suppose 4*d = s*d + 140. Let n = d + -35. What is the units digit of n?
5
Suppose -50 = 11*h - 16*h. Suppose 5*r - h = 25. Suppose 3*w = 2*w + r. What is the units digit of w?
7
Suppose 2*l = 2*r - 14 - 10, 0 = 4*l + 5*r + 30. What is the tens digit of 30/(-4)*(l - 0)?
7
Let t = -23 + 26. Suppose -5*p + q = -290, -t*p + 2*q = q - 172. What is the units digit of p?
9
Let o = -15 - -11. Let u(p) = -3*p**3 - 5*p**2 - 3*p + 7. Let z be u(o). Suppose 0 = -3*y - 5*d + z, 2*y + 4*d - 214 = -3*y. What is the tens digit of y?
4
Let w be 48/18 - (-4)/(-6). Suppose -j - i + 5*i + 65 = 0, w*i - 242 = -4*j. What is the units digit of j?
1
Let y be (-3)/2*(-120)/36. Suppose -y*v + 493 = -92. What is the tens digit of v?
1
What is the tens digit of -1 + 7 - 12 - -1011?
0
Let c be -3*(-3 + 28/12) + 445. Let q = -317 + c. What is the hundreds digit of q?
1
Let l = -733 - -2629. What is the thousands digit of l?
1
What is the units digit of ((-2)/(-7))/(200/(-350))*-1692?
6
Let a(z) = 4*z**3 - 5*z**2 + 11*z - 8. Let w be a(7). Suppose -4*h = o - 280, 5*o - h - 246 = w. What is the units digit of o?
8
Let c be 21 - -1 - 12/3. Suppose 0 = -2*d - k - 0*k + 53, -2*k = -2. Suppose 2*z - c = -2*u, 2*u - d = -3*z - 0*u. What is the units digit of z?
8
Let z(g) = 2*g**2 + 15*g - 14. What is the units digit of z(-17)?
9
Suppose 243 = -5*k + 18. Suppose 4*y + 124 = 44. Let q = y - k. What is the units digit of q?
5
Let t(y) = 3*y**2 - 4*y - 14. What is the units digit of t(7)?
5
Let f = 2 + 2. Let g(k) = -k**3 - k**3 + 0*k**3 + 2*k**2 + k - f*k**3. What is the units digit of g(-1)?
7
Let b(t) be the first derivative of t**6/120 + t**5/60 - t**4/8 + 2*t**3 - 5. Let h(v) be the third derivative of b(v). What is the units digit of h(2)?
3
Let m = 5 - 5. Suppose 3*c - 21 = -m*c. Let h(n) = 2*n + 10. What is the tens digit of h(c)?
2
Let p(m) = -2*m**2 - 4*m - 9. Let g(w) = -1. Let z(r) = -r**3 - 9*r**2 - 7*r + 7. Let l be z(-8). Let a(h) = l*p(h) + 2*g(h). What is the tens digit of a(-4)?
2
Let t(n) = -660*n - 646. What is the tens digit of t(-6)?
1
Suppose 3*w + 11 = 4*w. Let q be w + 0 + 9/3. Supp